or of y and t?
12
Suppose 63 = 5*r - 7. Suppose 3*f - 23 - 16 = -3*t, 2*f - r = 4*t. Suppose f = 5*n - 44. What is the greatest common factor of 99 and n?
11
Let y = -5 - 1. Let w be 31 - 3/y*-2. What is the greatest common factor of w and 10?
10
Let g = -132 - -134. Calculate the greatest common factor of 7 and g.
1
Let h = -2 - -9. Suppose 0 = 2*i - 134 - 60. Let o = 153 - i. Calculate the greatest common divisor of o and h.
7
Suppose -3*n + 62 = 2*l, 5*n + 2*l - l = 115. Calculate the greatest common factor of 16 and n.
8
Let q be ((-1)/3)/(4/60). Let x be (-6)/(-15) + (-78)/q. Let l = -8 + x. Calculate the greatest common divisor of l and 20.
4
Suppose 5*d - 116 + 36 = 0. Let g = -152 - -262. Suppose 5*j = 2*k + g, -3*j + 18 + 39 = -3*k. Calculate the highest common divisor of d and j.
8
Let h = -35 - -50. Suppose 5*s - h = 2*s. What is the highest common factor of s and 20?
5
Suppose h = -4*x + 53, -2*h + 4*h - 8 = -x. Calculate the greatest common factor of 7 and x.
7
Suppose -3*i + 4 = 5*x - 0, -3*i = -4*x - 40. Let k(h) = 2*h**2 + 2*h. Let r be k(-3). What is the highest common factor of r and i?
4
Let l = 117 + -69. Calculate the greatest common divisor of 6 and l.
6
Let r(q) = 7*q**2 - 6*q + 1. Let v be r(5). Let d = v - 83. What is the greatest common factor of d and 7?
7
Let m(j) = j + 14. Suppose -5*s + 8*s + 27 = 0. Let d be m(s). Calculate the highest common divisor of 10 and d.
5
Suppose 0 = -a - 2*a. Suppose -5*q + 0*q = a. Suppose 3*g + 2*g - 55 = q. What is the highest common divisor of g and 11?
11
Suppose f - 86 = -11. Let l be (-2 - (-1 + -3)) + f. Suppose -4*d = 3*s - 44, -3*d + 5*s - 15 = -l. Calculate the greatest common divisor of 112 and d.
14
Let t(a) = -4*a**2 + 3*a + 3. Let s be t(3). Let o be (-524)/s - 1/(-6). What is the highest common divisor of 2 and o?
2
Suppose 2*n + f - 2*f - 6 = 0, 2*n - 2*f = 8. Suppose -n*b = -1 - 7, 0 = -2*h + 5*b - 18. Calculate the highest common factor of h and 4.
1
Suppose 1727 + 2487 = 14*p. What is the greatest common divisor of p and 43?
43
Let m(g) = -3*g**3 + g. Let z be m(-1). Suppose 7 = f - 1. Let h be 66/(-4)*f/(-6). Calculate the greatest common factor of z and h.
2
Suppose -9*l = -l - 304. What is the greatest common divisor of l and 304?
38
Suppose 0 = 2*z - 2 - 4. Suppose 5*w - 8 = 37. What is the highest common divisor of w and z?
3
Let x(m) = -m**2 - 17*m + 19. Let o be x(-16). What is the highest common divisor of 5 and o?
5
Suppose 0 = -4*x + 13 + 19. Let y(c) = c**3 - 3*c**2 + 3*c + 3. Let s be y(3). What is the greatest common divisor of x and s?
4
Let v be (8/(-3))/(2/(-3)). Let p be (26/v)/(4/8). Calculate the highest common divisor of p and 65.
13
Suppose 0 = -24*i + 21*i + 123. What is the highest common divisor of 41 and i?
41
Let c = 1 - 3. Let l(b) = -b**2 + 2*b**2 + 3 + 4*b + 2*b**2. Let n be l(c). Calculate the greatest common factor of n and 7.
7
Let g(j) = -j**2 - 2*j + 1. Let u be g(-2). Suppose 0 = -3*d + 8*d - 25. What is the greatest common divisor of d and u?
1
Let u be -3 + 0 + 168/4. Let f(p) = 2*p + 10. Let x be f(8). What is the greatest common factor of x and u?
13
Let q be 2/(-4)*-25*(-36)/(-10). Calculate the greatest common factor of q and 225.
45
Let b(c) = -4*c - 14. Let u(m) = 1. Let f(w) = 2*b(w) + 36*u(w). Let n be f(-6). What is the highest common divisor of n and 8?
8
Suppose -5*d = -3*a - 1403 + 109, 5*d - 5*a - 1290 = 0. Suppose d = 5*i + 65. Suppose 1 = -4*w + 53. Calculate the highest common factor of w and i.
13
Let b be 21 - 2 - (-1 + 1). Let m = b + -9. Calculate the highest common factor of 70 and m.
10
Let f be 1*4/(-5)*-5. Let w be (4/(-6))/(-1)*3. Suppose -p = h + 3*h + w, 8 = 2*p - 4*h. What is the greatest common factor of p and f?
2
Suppose 0 = -r + 2, -l - 2*l = -2*r - 179. Let v = l - 34. Let y be 124/7 - (-8)/28. Calculate the greatest common divisor of v and y.
9
Let i(b) = 2 + 2*b + 3*b + b**2 - b. Let c be i(-4). Suppose -3*d + 0*d + 4*t = -c, 3*d - 22 = -t. What is the greatest common factor of 6 and d?
6
Let m be 6/(-21) - 162/21. Let a be 6 + m - (-16 - -1). Calculate the highest common factor of a and 26.
13
Let m = 8 + -5. Let z be ((-1)/m)/(4/(-12)). Suppose 0 = -c - 2, -t - z + 14 = -4*c. What is the highest common factor of 25 and t?
5
Suppose 2*m = 3*m - 5*l - 32, 2*m = -3*l + 38. Suppose 5*g - o = -42, 4*g - 2*o + 4*o = -28. Let n = -6 - g. Calculate the highest common factor of n and m.
2
Suppose 57 - 145 = -2*t. Suppose -4*n + 7*n + 2*g = 8, 0 = -3*g - 6. What is the greatest common factor of t and n?
4
Suppose 0 = -10*s + 5*s + 180. Suppose 3*g = 5*h - 2, h + 3*h = -g + 5. Suppose 5*y - g = -f + 11, 2*y = f - 12. What is the highest common divisor of s and f?
12
Suppose -3*n + 6*n - 24 = 3*w, -4*w - 7 = n. Let v = w + -2. Let s be (-5 - -4)/(1/v). Calculate the greatest common factor of 55 and s.
5
Let g be (-7)/21 + 362/6. Let r(k) = -1 - 2*k + 5*k + 4. Let p be r(3). Calculate the highest common divisor of g and p.
12
Let l be 4 + 0 + (-16)/16. Calculate the highest common divisor of l and 1.
1
Suppose -2*b = -0*d + 3*d - 1461, 2*d - 976 = -2*b. Suppose -5*y - k + d = -2*k, 5*k + 409 = 4*y. Calculate the highest common factor of 12 and y.
12
Suppose 3*o - o - 176 = -3*s, -o + 4 = 0. Suppose 5*u + 0*u - 65 = 0. Let k be u - (8/4)/(-2). Calculate the highest common factor of s and k.
14
Suppose 0 = 9*u - 5*u - 56. What is the highest common factor of u and 42?
14
Suppose -3*g = -4*g + 4*u + 40, 2*g - 72 = 4*u. Suppose g - 8 = 4*j. What is the greatest common factor of 12 and j?
6
Let f be (-4)/(1*2/(-40)). What is the greatest common factor of f and 16?
16
Suppose 40 = -8*m + 9*m. What is the highest common divisor of m and 160?
40
Suppose -y + 2*x + 8 = -5, -3*y + 35 = -5*x. Suppose y = -2*a + 3. Let g be (-9)/a - (3 - 4). Calculate the greatest common divisor of g and 90.
10
Let z be (-4)/(-14) - 38/(-14). Let t(o) = -4 - 2*o**2 - 2 + 6 + o**3. Let n be t(z). What is the greatest common divisor of 6 and n?
3
Suppose 31 = 2*z - 5*g, -g = 5*z + g - 5. Calculate the greatest common divisor of 9 and z.
3
Let d be 0 + 1 - (-254)/2. Let s(i) = i**3 + 9*i**2 - 9*i + 5. Let w be s(-9). Let k = d - w. What is the greatest common factor of 6 and k?
6
Let o(j) = j**2 - 4*j + 2. Suppose 4*w + 10 - 2 = 5*n, -3*n = 3*w - 21. Let f be o(n). Calculate the highest common divisor of f and 1.
1
Let i be 2*3*(-3)/(-9). Suppose -5*n - 16 + 1 = -5*h, -4*n = i*h - 24. Let j be 1/(-1*(-3)/90). What is the greatest common factor of j and h?
6
Let o(f) = -f**2 - f + 19. Let w be o(0). Suppose -3*s + w = -2*u + 4*u, 2*s = 5*u. Calculate the highest common divisor of 35 and s.
5
Suppose 2*a + 20 = 2*t, -a = t - 5*a + 5. What is the greatest common divisor of t and 135?
15
Suppose -3*m + 101 = 3*i + 2, 0 = 3*m + 6. Suppose 3*a - i + 11 = 0. Suppose 5*p + u - a = 0, 17 = 2*p + u + 4*u. What is the greatest common factor of p and 9?
1
Suppose 3*o = -o + 392. Let a = o - 160. Let k = a + 227. Calculate the greatest common divisor of 15 and k.
15
Let l = 19 - 13. Let n(h) = 4*h - 9. Let g be n(l). Suppose q = 2*d + 6, 0 = 2*q - 2*d + 3 - g. What is the greatest common factor of 54 and q?
6
Let r be 4 + 5/((-25)/(-660)). What is the highest common factor of r and 17?
17
Suppose d = 4*n + 20 + 35, 5*d - 3*n = 360. Calculate the highest common divisor of 15 and d.
15
Suppose -5*x + 9*i = 4*i - 20, 0 = -3*x - 5*i + 4. Let b be (15/(-5))/((-2)/30). Suppose 6*z - b = x*z. What is the greatest common divisor of z and 60?
15
Let u be (-12)/(-4) + 0 + -3. Suppose -2*a + a + 132 = u. Calculate the highest common factor of a and 12.
12
Let c = -6 + 34. What is the greatest common factor of 28 and c?
28
Let w(x) = x**3 - 31*x**2 - 33*x + 38. Let g be w(32). What is the highest common divisor of g and 24?
6
Let v(o) = o**3 - 3*o**2 - 11*o + 4. Let a be v(7). Suppose 5*u - 42 - a = 0. Calculate the greatest common divisor of u and 11.
11
Let l(m) = m + 4. Let c be l(-3). Let n be (c - -2)/(1/4). Calculate the highest common divisor of n and 36.
12
Let n = 76 - 36. What is the highest common divisor of n and 20?
20
Suppose -110 + 526 = 4*j. Calculate the greatest common divisor of j and 13.
13
Let r be (-2 + 46/(-5))*-5. What is the greates